40
What is the value of 62 + (-20 - -24 - 4 - -6)?
68
What is the value of -19 - (-2 + -4) - (-21 - (13 + 10))?
31
Calculate (-25 + -24 - -32) + 28.
11
(-3 - 1) + -5 + 3 + 15 + -62
-53
Calculate 14 - (-7 + -6 + (-3 - -17)) - (1 - 89).
101
What is -345 + 343 - (38 - (-4 + 0 - (-3 + 2)))?
-43
Evaluate 10 + (-10 - 6) - ((5 - -27) + -4).
-34
Calculate (27 + -2 - (-50 + 83)) + (61 - -2).
55
What is -18 + 25 - (11 - (1 - -2) - 1)?
0
-9 + 8 - ((-11 + (14 - 10) - -16) + -9)
-1
What is -8 + 2 + -3 - 1 - (194 + -373 + 30)?
139
What is 46 + 1 + (69 - (-44 - (-63 - 56)))?
41
16 + (1 - (-11 + 7 + 3)) + -12 - 32
-26
Evaluate -17 - (-98 - (-44 - 5)).
32
1454 + -1443 + (2 - 31) + 4
-14
What is (46 - 30) + (10 - 28)?
-2
Calculate (-16 - 26) + 0 + -10 - (4 - 11).
-45
Calculate -32 + 15 + -39 + (19 - 16).
-53
What is the value of 2 + (-9 + 2 - -9 - (-5 + 18))?
-9
What is the value of 13 + 1 + -8 + (14 - (34 - 14) - -19)?
19
What is -2 + -20 - ((-520 - -508) + (6 - -1))?
-17
2 - (2 - (6 + -6) - 11)
11
What is the value of 76 - 10 - 46 - (18 - 1) - (-1 - 34)?
38
What is the value of -39 - (-39 + (38 - -4) + (-2 + 1 - -1))?
-42
What is the value of -6 - (4 + -20 + 12 - (3 - -44))?
45
Evaluate -8 + 12 + -28 + 0 + -39 + 55.
-8
What is the value of 9 + 1 - (920 - 930) - (-2 - -7)?
15
1 + 134 + -73 + -14
48
Evaluate 32 - (-6 - (24 + -40 + -18)).
4
What is 9 + (61 - 53 - (1 - -2 - 11))?
25
What is 31 - (191 + (-36 - 19))?
-105
Calculate ((45 - 13) + -4 - 27) + -5 + 0 - 87.
-91
10 - 139 - (-1 - 10 - (-14 + 46 - 30))
-116
What is the value of (-10 - (24 - (11 - -3))) + 11?
-9
What is the value of -5 + 22 + -68 + 68 + -125?
-108
What is the value of -28 - (12 - 29) - (5 - 14 - -48)?
-50
What is the value of (91 - (53 + -6)) + 9?
53
What is (-3 - -2) + -81 + 83 - -32 - 14?
19
What is the value of -85 + 0 - (-3873 - -3721)?
67
What is the value of (-5 - -51) + -31 + -162 + 29 - (0 + -11)?
-107
What is the value of (-5 + -35 - -18) + -20?
-42
0 - -40 - (33 - (13 - -17))
37
What is 16 + 40 + 73 + -105?
24
Evaluate 32 - -48 - (-28 + (7 - -34)).
67
Evaluate -24574 - -24455 - (13 + 0).
-132
(27 - 24 - -5) + (1 - 17) - (-2 - -30)
-36
6 - ((-10 - (-14 - -3)) + (-9 - -24))
-10
Calculate -303 + (568 - 314) + (187 - -1).
139
What is 16 - (0 + -3 - (78 - 81))?
16
Calculate 2165 - 2152 - (1 + -93).
105
(-1 - 49) + (4 + -2 + 4 - 12) - -11
-45
Calculate (-32 + 17 - 31) + (3 - -14).
-29
Evaluate 23 + -4 + 12 + (12 - 0) + -22 + 7.
28
Evaluate -5 + 14 + (-21 - -12) + -8 + 9.
1
What is the value of (-67 - (-121 + -11)) + (3 - -2 - 2 - -1)?
69
Calculate -157 + 176 + -39 - (-16 - -1).
-5
What is 4 + 17 + -38 + 30 - (11 - 1)?
3
Evaluate (-44 - (1 + -3)) + (-1618 - -1618).
-42
32 + (-18 - (-29 - 25)) - (1 + 1 + 1)
65
What is -5 - (-36 + 26 + -9 + 87)?
-73
What is -91 - (-147 + 46 + 93)?
-83
What is the value of 17 + (4 - (-1 + 16 - 13))?
19
Calculate 0 + (-6 - -10) + (-8 - (34 - 12)).
-26
Evaluate (1 - -10) + 42 + -20 + -94.
-61
What is the value of -49 + 4 + (-5 - 3) + 17 + -19?
-55
What is the value of (6 - 59) + (3 + -4 - (-7 - (3 + -14)))?
-58
What is -25 + 20 + 24 - (16 + -48)?
51
37 + 61 + -68 - 73
-43
72 - 65 - 83 - 1
-77
Calculate 38 + 27 + -62 - (-21 + 0 + 1).
23
-3 + -24 + 4 + (-27 - -66)
16
What is (44 + -1 - (-19 + 21)) + -19 + 9?
31
Evaluate 0 - 36 - (781 + -840).
23
What is the value of 115 + (17 - 22 - 15 - (-16 + (-1 - -3)))?
109
Calculate 87 + (6 + (-3 + -6 - -3) - 0).
87
Evaluate (70 - -121) + -186 + (0 - (-2 + 65)).
-58
Calculate 416 - 361 - (-5 + 44).
16
What is the value of 0 + 0 + -15 + 290903 + -290902?
-14
Evaluate 2 + (-62 - (15 + (-9 + 6 - -6))).
-78
What is the value of 0 + 2 + -3 + (1923 - 1927)?
-5
Evaluate -12 + 1 - (22 + -68 - -31) - -8 - 61.
-49
What is the value of 4 + (11 - (6 - -2)) + -10 + 3 + -105?
-105
-88 + (2 - -7 - 1) + (126 - 122) - -9
-67
What is -78 + 9 - (-33 + 13 + -13)?
-36
Evaluate ((-18 - -30) + -2 - -26) + (-17 - -4).
23
What is the value of 25 + -19 + -14 + -28?
-36
What is the value of 17 + -1 + -3 + (-57 + 23 - 21) - 0?
-42
(-8 - (-11 + 9 + -9)) + -9 - -2
-4
Evaluate 50 - 20 - 12 - (-3 + -2 + -3).
26
Evaluate -2 + 11 + ((3 - -3) + 10 - 58).
-33
What is the value of 97 + -18 + 40 + (0 - 4)?
115
What is the value of 42 + (-39 - (3 + -6))?
6
Evaluate (8 - 5) + 1 + 49 + (-10 - -7).
50
What is -84 + 1 + -4213 + 4210?
-86
Calculate 5 + (42 - 4) + 11 - -17 - 13.
58
Calculate 36 + 38 + -28 + -45.
1
Evaluate (-31 - -18 - -11) + 28 - (2 - -11).
13
Calculate -235 - -227 - (2 + 1 + -8).
-3
-5 + 1 + 45 + -14 + 15 + -17 + 2
27
What is the value of 18 - (5 - (-23 - -17) - (1 - 3 - -13))?
18
Evaluate 11 + (-10 + 2 - (343 + -356)).
16
-13 + (0 - (48 + 0 - (-104 - -101)))
-64
Evaluate 59 + (-29 - 63 - -60).
27
What is -87 - (13 + (-25 - -11) + -40)?
-46
Evaluate -6 + 2 + 0 + -3 + -96 + (154 - 79).
-28
Calculate (-31 - (-400 + 396 - (-1 - -12))) + 13 + -47.
-50
What is 89 - ((24 - -13) + 21)?
31
Evaluate 1852 + -1851 - (-13 + 10 - (29 + 2)).
35
(81 - (30 + 45)) + 67
73
Evaluate 6 + 29 + -34 + -1 + 9.
9
Evaluate -581 + 543 - (-71 + -2).
35
What is the value of 56 + -81 + (3 - -8 - -10) + -1 + 94?
89
Evaluate -34 + -44 + (53 - 22).
-47
Calculate -157 + 202 - (189 - 74).
-70
-53 - ((5 - ((10 + -4 - 9) + 19)) + 19)
-61
What is 64 + (16 - (-24 - -6) - 17)?
81
Evaluate (-27 - (5 + -3)) + -607 + 619.
-17
Calculate 35 - (81 - 38) - (0 + -31) - 1.
22
Evaluate -10 + 3 + -2 - -26 - 40.
-23
Evaluate -30 + -52 + 32 - (1 - 0 - -4).
-55
What is 102 + (-210 + 201 + (0 - 0) - -5) + 12?
110
Calculate (-17 - (-76 - -65) - (-2 + (-2 - 7))) + -51.
-46
Calculate 24 - 3 - (-9 - (14 + -18 + -14)).
12
What is the value of -30 - (-48 + 34) - (-10 - -12 - 22)?
4
0 + 16 + (242 - 113) + -152
-7
What is the value of 7 + (-14 - -39 - -2)?
34
What is the value of (1 - -1) + 13 + -6 + (22 - (2 + 15))?
14
What is the value of -576 + 624 + (-28 - 3)?
17
Evaluate -28 + -6 + 1 - 16.
-49
Evaluate 7 + ((8 - -3) + -5 + 4 - 33).
-16
What is (1 - 6) + (-16 - (33 + -1 + -26))?
-27
What is 32 + 1 + (5103 - 5132)?
4
Evaluate -105 + 27 - (12 - (4 - 1) - 31).
-56
What is 9 - (-6 + 37 + -9) - -17 - (-51 + 1)?
54
Evaluate 12 - (18 + 1 + -17 + (3 - 104)).
111
What is the value of (-24 + 16 - 79) + (354 - 359)?
-92
-22 + 14 + -11 + -3 + 4
-18
What is 92 + -80 + -1 + (2 - -1) + -24?
-10
What is the value of -8 - 0 - (4 + -24 + (-31 - -8))?
35
Calculate (-42 - -1) + -23 + 14 + 18 + (-2 - -3).
-31
Evaluate 5 + -56 - 18 - (-31 + 2).
-40
What is (50 - (-110 - -180)) + (1 - -60)?
41
5761 - 5807 - (-134 + 1)
87
What is the value of -63 - (55 - 62 - (5 - -15))?
-36
What is the value of -42 - (180 - 80 - 24)?
-118
What is 8 + (-15 - -19) + 31?
43
What is 35 - ((0 - -27) + (15 - -20))?
-27
What is the value of (-5718 - -5705) + 0 + -20?
-33
Evaluate -423 + 214 + 199 - (100 + (0 - -1)).
-111
Evaluate 8 - (85 - (-17 + 1 - (168 - 179) - -13)).
-69
Calculate -287 - -182 - -103 - (-1 - 13 - 1).
13
What is the value of -8 + 35 + -68 + (8 - -7)?
-26
Calculate -4 + -20 + 125 - 24 - 15.
62
Evaluate -8 + (14 - (27 - 12) - -10) - (-1 + -90).
92
8 + 0 - (-1834 + 1845)
-3
What is -56 - (0 + 2 + (-6 - 9 - -5) - -21)?
-69
What is the value of (7 - 0 - -31 - -1) + 52?
91
(-1 + -5 - -23) + -6 - (6 + 39 - -1)
-35
What is (-68 - (62 + -146)) + (-2 - 15)?
-1
What is -1728 - -1715 - (-2 - -31)?
-42
Evaluate -27 - (19 - 56 - -59 - -28).
-77
Evaluate 122 + -102 - (-4 - (8 + 14)).
46
Calculate 6 - (13 - 6) - (11 - (1 - -4) - 40).
33
Evaluate -12 + -27 + (38 - 18) + 44.
25
What is (-6 - (-19 + 5 + -2)) + -1067 + 963?
-94
What is the value of 26 - (0 + (119 - 42))?
-51
Calculate 28 - 21 - ((-8 - (-4 + -1)) + -6 + 2).
14
Calculate 3 - (-17 + -22 + 38).
4
Evaluate 76 + 1 - (-4778 - -4726).
129
Calculate -291 - -268 - ((-3 - 1) + -69).
50
What is (0 - -4) + 18 + -289 + 144 + 183?
60
-20 + 0 - (-2054 + 1978)
56
97 + 33 + 112 + -205
37
Evaluate -3 + 33 + (-22 - -25) + -21.
12
-36 + (0 + 16 + 7 - 13)
-26
28 + (-13 - -9) + (11 - 27) + (80 - 1)
87
Evaluate 699 + -685 - (2 - 5).
17
Calculate -14 + 6 - -1 - (41 - -28 - 6).
-70
What is -42 - (-12 + (59 + -11 + -41 - (-15 - 0)))?
-52
(-31 - -21) + (-10 - -36) + -12
4
Evaluate (19 + -7 - 5) + 3 + -2 - (100 + 35).
-127
What is 6 + 3 + -27 - -37 - -19?
38
What is the value of (6 + -15 - -4) + 80 - ((-6 - 2) 